) to base 16
-6f1c2d
Convert 11645666 (base 7) to base 14.
1d5ddd
What is 117a4a (base 14) in base 7?
5035623
Convert -31421 (base 9) to base 11.
-14659
What is -289a3 (base 15) in base 4?
-133311330
What is 20210220100101 (base 3) in base 7?
42524113
What is -625108 (base 12) in base 7?
-16055201
What is 810670 (base 9) in base 7?
4034652
What is -68903 (base 11) in base 6?
-2045014
Convert -8bda (base 15) to base 13.
-10681
-33611875 (base 9) to base 5
-13133234110
Convert 11010110101011010110 (base 2) to base 13.
24a30b
Convert -1013233110 (base 4) to base 12.
-122070
What is -120132120111 (base 4) in base 3?
-110001221221200
Convert 100100000010110010 (base 2) to base 11.
a0a13
What is 8351a (base 11) in base 12?
5a557
Convert 101132232301 (base 4) to base 16.
45ebb1
-928826 (base 11) to base 7
-15445101
-53283b6 (base 12) to base 11
-8975995
435c45 (base 13) to base 10
1583925
What is -b5459 (base 13) in base 6?
-10552454
What is b6b7 (base 13) in base 11?
18039
Convert 5256600 (base 8) to base 11.
876a92
Convert -1340105 (base 6) to base 5.
-4401314
Convert 44003102 (base 5) to base 10.
375402
Convert 26a9aa (base 11) to base 2.
1100111101000010011
Convert 31133222 (base 4) to base 10.
55274
Convert -310582 (base 11) to base 2.
-1111001101100111001
Convert 32a30 (base 14) to base 7.
1020560
What is 23251353 (base 6) in base 9?
1320636
What is 84368 (base 10) in base 16?
14990
Convert -22555210 (base 6) to base 12.
-298b06
What is 576891 (base 10) in base 16?
8cd7b
-21212012000202 (base 3) to base 7
-50333162
9010444 (base 10) to base 3
121221210000011
Convert 61824 (base 10) to base 3.
10010210210
Convert -18a32 (base 15) to base 10.
-79922
Convert -214310 (base 12) to base 8.
-2002674
What is -123103221 (base 4) in base 6?
-2221453
-223302312 (base 5) to base 7
-11310125
What is 856540 (base 11) in base 3?
2120121121221
Convert 5616223 (base 7) to base 12.
295511
Convert -31b259 (base 12) to base 16.
-c00a5
What is b355c3 (base 13) in base 6?
225344343
Convert 3243355 (base 6) to base 8.
473327
Convert -e5ef76 (base 16) to base 12.
-506861a
Convert 281157 (base 10) to base 11.
182268
Convert -10001011111001111 (base 2) to base 15.
-16356
Convert -12103000 (base 4) to base 5.
-1311132
What is 12a1b2 (base 16) in base 7?
13243614
What is 100110110 (base 2) in base 8?
466
What is -211122 (base 3) in base 16?
-263
11010102211 (base 3) to base 15
1910d
Convert 56491 (base 13) to base 11.
a7879
7178166 (base 10) to base 11
4063076
Convert -22234130 (base 5) to base 4.
-233321011
102244431 (base 6) to base 13
4aab62
-466605 (base 9) to base 15
-58152
What is -56709 (base 12) in base 4?
-130011321
Convert 41718 (base 11) to base 4.
32311121
What is -324001 (base 11) in base 15?
-a3625
Convert -1332300202 (base 4) to base 3.
-222101012201
Convert 10204343 (base 5) to base 6.
1453221
Convert -85b30 (base 12) to base 9.
-287560
What is -a0b8 (base 12) in base 3?
-212220012
Convert -204158 (base 9) to base 6.
-2332512
Convert 322013121 (base 4) to base 12.
b5909
-13203411200 (base 5) to base 7
-256651033
Convert -254135322 (base 6) to base 5.
-2232132102
Convert 30213023103 (base 4) to base 6.
154510243
What is -8c6ad (base 15) in base 5?
-103301023
-2421559 (base 10) to base 12
-989447
11000111011111110100100 (base 2) to base 5
3133141444
46633b (base 12) to base 6
40122115
Convert -111111001000111101 (base 2) to base 10.
-258621
What is 9948b6 (base 13) in base 2?
1101110001000110001111
-11111101101011101111110 (base 2) to base 9
-16568785
-101110110011001001 (base 2) to base 4
-232303021
-5b25a8 (base 14) to base 16
-2f94e8
Convert -16d65b (base 15) to base 14.
-20bd40
What is -96556 (base 13) in base 15?
-55517
What is 10204452 (base 10) in base 9?
21172780
-88782 (base 11) to base 12
-625a1
What is 101221111000 (base 3) in base 2?
110100100101101110
What is -211341210 (base 5) in base 7?
-10353111
2508566 (base 13) to base 14
1761548
Convert 336cba (base 14) to base 12.
703498
12200220 (base 5) to base 16
1c3e5
-b50a3 (base 12) to base 3
-110000220120
Convert 21002321130 (base 4) to base 3.
11110110121220
Convert 15663b (base 16) to base 14.
287135
Convert -11100111010101 (base 2) to base 3.
-202022100
What is 113643 (base 11) in base 2?
101100000011101010
-17531c (base 14) to base 15
-113430
11dd1a (base 15) to base 10
856825
-1250808 (base 11) to base 7
-24266150
1000000001100001010 (base 2) to base 12
1081a2
What is -23132121 (base 5) in base 11?
-132645
Convert 2130001 (base 4) to base 3.
111200211
-292464 (base 10) to base 4
-1013121300
Convert -652659 (base 10) to base 12.
-275843
What is 419885 (base 10) in base 9?
708868
Convert -11011122001 (base 3) to base 13.
-2b4b0
What is 13133434 (base 5) in base 7?
1052310
Convert -143a90a (base 11) to base 6.
-125010053
Convert -111662 (base 11) to base 6.
-3451121
What is -31a28 (base 11) in base 4?
-23112132
Convert 1fbb6 (base 16) to base 12.
63272
Convert -1010100100000001 (base 2) to base 14.
-11aa5
What is 111101000101010111101001 (base 2) in base 8?
75052751
Convert -1043034 (base 8) to base 16.
-4461c
What is -464215 (base 7) in base 16?
-144ac
-116283 (base 12) to base 9
-466470
Convert -47a25 (base 15) to base 10.
-228410
323100412 (base 5) to base 4
11100132320
-45335035 (base 6) to base 9
-2534755
e4611 (base 16) to base 4
3210120101
34217 (base 11) to base 14
14083
Convert 734728 (base 11) to base 5.
300134411
What is 32523352 (base 6) in base 10?
975380
What is 247869 (base 10) in base 6?
5151313
11100101110010010 (base 2) to base 6
2304402
1515544 (base 6) to base 13
31156
Convert 111111000110001001 (base 2) to base 10.
258441
What is 12103562 (base 7) in base 10?
1076966
2059201 (base 13) to base 4
211130213113
What is -1226886 (base 11) in base 5?
-1021210433
What is -4a122 (base 15) in base 9?
-400375
Convert 1138d (base 16) to base 3.
10120202122
-15422203 (base 6) to base 5
-120004134
-fd77 (base 16) to base 8
-176567
What is -2291983 (base 10) in base 3?
-11022110000021
Convert 137329 (base 10) to base 16.
21871
51410 (base 6) to base 2
1101010111110
Convert ca233 (base 14) to base 9.
824537
-164aaa (base 11) to base 7
-2113022
What is -2100200300 (base 4) in base 2?
-10010000100000110000
What is -2551578 (base 9) in base 15?
-1c7742
Convert 24187e (base 15) to base 5.
420222134
What is 1746878 (base 9) in base 15?
14434b
-2516533 (base 8) to base 5
-134230033
What is 713278 (base 11) in base 6?
40323010
Convert -1c97d (base 14) to base 12.
-36457
Convert 204a6 (base 14) to base 12.
39002
Convert -32e37 (base 15) to base 9.
-265877
What is -74888 (base 11) in base 6?
-2200015
What is 277e2 (base 16) in base 8?
473742
What is 10b132 (base 15) in base 7?
6525644
Convert 323441042 (base 5) to base 14.
282883
1246181 (base 12) to base 4
31221111301
-494937 (base 14) to base 12
-a10545
3611201 (base 7) to base 10
456632
Convert -2ca876 (base 15) to base 8.
-10176367
32466602 (base 7) to base 16
2a921b
-4375 (base 8) to base 16
-8fd
Convert 131031220 (base 4) to base 8.
351550
What is 5163715 (base 12) in base 3?
1001210210111222
Convert 265a89 (base 15) to base 16.
1c1a5a
What is -115538 (base 12) in base 9?
-464608
What is 267772 (base 8) in base 11?
64859
What is 1396188 (base 14) in base 2?
100100010000101011111100
126451 (base 7) to base 6
302351
1a31190 (base 11) to base 8
15046331
-124067 (base 8) to base 15
-cb5d
1103103123 (base 4) to base 13
bc400
What is 104649 (base 11) in base 15?
347d9
Convert 310413152 (base 6) to base 12.
19611b8
What is -43103503 (base 6) in base 8?
-4655137
430330 (base 9) to base 7
2114535
1130428 (base 11) to base 15
290bd4
-100100100010000011 (base 2) to base 16
-24883
What is -218741 (base 9) in base 3?
-20122211101
Convert -98a723 (base 11) to base 12.
-642969
Convert -daf0 (base 16) to base 13.
-1c685
Convert -327527 (base 9) to base 6.
-4110254
-103221020 (base 4) to base 5
-10033311
Convert -374983 (base 10) to base 6.
-12012011
Convert 13055304 (base 6) to base 11.
272276
Convert 45341354 (base 6) to base 14.
27d86a
What is 12022021211101 (base 3) in base 4?
22300210120
Convert 13214101 (base 6) to base 9.
736311
What is -10010111010001000100111 (base 2) in base 10?
-4956711
Convert 84169 (base 14) to base 16.
4dc81
What is 2121442